{"id":68,"date":"2020-03-24T18:59:26","date_gmt":"2020-03-24T17:59:26","guid":{"rendered":"http:\/\/wordpress2.restotroc.fr\/?page_id=68"},"modified":"2025-12-01T15:28:10","modified_gmt":"2025-12-01T14:28:10","slug":"le-projet","status":"publish","type":"page","link":"https:\/\/resto-troc.fr\/index.php\/le-projet\/","title":{"rendered":""},"content":{"rendered":"\n<figure class=\"wp-block-image alignwide size-large\"><img loading=\"lazy\" decoding=\"async\" width=\"1024\" height=\"586\" src=\"http:\/\/wordpress2.restotroc.fr\/wp-content\/uploads\/2020\/05\/Bandeau-projet-1024x586.jpg\" alt=\"\" class=\"wp-image-343\" srcset=\"https:\/\/resto-troc.fr\/wp-content\/uploads\/2020\/05\/Bandeau-projet-1024x586.jpg 1024w, https:\/\/resto-troc.fr\/wp-content\/uploads\/2020\/05\/Bandeau-projet-300x172.jpg 300w, https:\/\/resto-troc.fr\/wp-content\/uploads\/2020\/05\/Bandeau-projet-768x440.jpg 768w, https:\/\/resto-troc.fr\/wp-content\/uploads\/2020\/05\/Bandeau-projet.jpg 1123w\" sizes=\"auto, (max-width: 1024px) 100vw, 1024px\" \/><\/figure>\n\n\n\n<p class=\"has-text-align-justify has-small-font-size\">Resto-Troc fait partie de ces lieux privil\u00e9gi\u00e9s o\u00f9 chacun vient <strong>trouver \u00e9coute, r\u00e9confort et reconnaissance<\/strong>. <\/p>\n\n\n\n<p class=\"has-text-align-justify has-small-font-size\">Autour de la Restauration qui est le c\u0153ur et l\u2019histoire de Resto-Troc, plus de 400 adh\u00e9rents participent \u00e0 la vie de l\u2019association. On vient \u00e0 Resto-Troc pour rompre sa solitude, b\u00e9n\u00e9ficier d\u2019un <strong>repas \u00e9quilibr\u00e9<\/strong> mais aussi pour participer aux <strong>diff\u00e9rents ateliers<\/strong>. Resto Troc est ouvert \u00e0 tous, c\u2019est un <strong>restaurant solidaire<\/strong> o\u00f9 chacun paye en fonction de ses revenus.  <\/p>\n\n\n\n<p class=\"has-text-align-justify has-small-font-size\">L\u2019association dispose \u00e9galement d\u2019un <strong>volet d\u2019insertion sociale et professionnelle<\/strong> avec le chantier d\u2019insertion en cuisine. 20 salari\u00e9.es en CDDI (contrat \u00e0 dur\u00e9e d\u00e9termin\u00e9e d\u2019insertion) encadr\u00e9s par deux encadrants techniques cuisiniers, un charg\u00e9 de d\u00e9veloppement en salle et au service traiteur et un conseiller en insertion professionnelle participent chaque jour \u00e0 la r\u00e9alisation de repas pour Resto-Troc, les Restos du C\u0153ur, la r\u00e9sidence ARCEAU.<\/p>\n\n\n\n<p class=\"has-text-align-justify has-small-font-size\">Approvisionn\u00e9 par la Banque Alimentaire et le Jardin de Cocagne, Resto-Troc est un <strong>maillon de la cha\u00eene alimentaire Angevine<\/strong> pour les plus d\u00e9munis. Le volet traiteur du chantier d\u2019insertion est un plus qui valorise les salari\u00e9s et permet de faire conna\u00eetre leur savoir-faire. Nous sommes fiers des retomb\u00e9es positives de cette activit\u00e9. <\/p>\n\n\n\n<p class=\"has-text-align-justify has-small-font-size\">H\u00e9berg\u00e9 dans un b\u00e2timent mis \u00e0 disposition par la ville d\u2019Angers, l\u2019association re\u00e7oit des aides des collectivit\u00e9s territoriales, de la CAF, de l&rsquo;\u00c9tat. Mais Resto-Troc ne pourrait pas fonctionner sans l\u2019implication des b\u00e9n\u00e9voles largement investis au jour le jour.<\/p>\n\n\n\n<p class=\"has-small-font-size\"><strong>Retrouvez les membres de Resto-Troc <a href=\"https:\/\/resto-troc.fr\/wp-content\/uploads\/2025\/12\/EQUIPE-2025.pdf\" target=\"_blank\" rel=\"noreferrer noopener\">ici<\/a><\/strong>.<\/p>\n\n\n\n<p class=\"has-text-align-center has-text-color has-normal-font-size\" style=\"color:#8c140b\"> <strong>COLLECTE DES ALIMENTS ET LUTTE CONTRE LE GASPILLAGE ALIMENTAIRE<\/strong><\/p>\n\n\n\n<figure class=\"wp-block-image alignwide size-full\"><img loading=\"lazy\" decoding=\"async\" width=\"1280\" height=\"720\" src=\"https:\/\/resto-troc.fr\/wp-content\/uploads\/2025\/02\/schema-chaine-alimentaire-RT2025.jpg\" alt=\"\" class=\"wp-image-1064\" srcset=\"https:\/\/resto-troc.fr\/wp-content\/uploads\/2025\/02\/schema-chaine-alimentaire-RT2025.jpg 1280w, https:\/\/resto-troc.fr\/wp-content\/uploads\/2025\/02\/schema-chaine-alimentaire-RT2025-300x169.jpg 300w, https:\/\/resto-troc.fr\/wp-content\/uploads\/2025\/02\/schema-chaine-alimentaire-RT2025-1024x576.jpg 1024w, https:\/\/resto-troc.fr\/wp-content\/uploads\/2025\/02\/schema-chaine-alimentaire-RT2025-768x432.jpg 768w\" sizes=\"auto, (max-width: 1280px) 100vw, 1280px\" \/><\/figure>\n","protected":false},"excerpt":{"rendered":"<p>Resto-Troc fait partie de ces lieux privil\u00e9gi\u00e9s o\u00f9 chacun vient trouver \u00e9coute, r\u00e9confort et reconnaissance. Autour de la Restauration qui est le c\u0153ur et l\u2019histoire de Resto-Troc, plus de 400 adh\u00e9rents participent \u00e0 la vie de l\u2019association. On vient \u00e0 Resto-Troc pour rompre sa solitude, b\u00e9n\u00e9ficier d\u2019un repas \u00e9quilibr\u00e9 mais aussi pour participer aux diff\u00e9rents<a class=\"more-link\" href=\"https:\/\/resto-troc.fr\/index.php\/le-projet\/\">Lire la suite <\/a><\/p>\n","protected":false},"author":1,"featured_media":0,"parent":0,"menu_order":0,"comment_status":"closed","ping_status":"closed","template":"","meta":{"footnotes":""},"class_list":["post-68","page","type-page","status-publish","hentry","entry"],"_links":{"self":[{"href":"https:\/\/resto-troc.fr\/index.php\/wp-json\/wp\/v2\/pages\/68","targetHints":{"allow":["GET"]}}],"collection":[{"href":"https:\/\/resto-troc.fr\/index.php\/wp-json\/wp\/v2\/pages"}],"about":[{"href":"https:\/\/resto-troc.fr\/index.php\/wp-json\/wp\/v2\/types\/page"}],"author":[{"embeddable":true,"href":"https:\/\/resto-troc.fr\/index.php\/wp-json\/wp\/v2\/users\/1"}],"replies":[{"embeddable":true,"href":"https:\/\/resto-troc.fr\/index.php\/wp-json\/wp\/v2\/comments?post=68"}],"version-history":[{"count":3,"href":"https:\/\/resto-troc.fr\/index.php\/wp-json\/wp\/v2\/pages\/68\/revisions"}],"predecessor-version":[{"id":1189,"href":"https:\/\/resto-troc.fr\/index.php\/wp-json\/wp\/v2\/pages\/68\/revisions\/1189"}],"wp:attachment":[{"href":"https:\/\/resto-troc.fr\/index.php\/wp-json\/wp\/v2\/media?parent=68"}],"curies":[{"name":"wp","href":"https:\/\/api.w.org\/{rel}","templated":true}]}}