{"id":95,"date":"2020-03-24T19:09:24","date_gmt":"2020-03-24T18:09:24","guid":{"rendered":"http:\/\/wordpress2.restotroc.fr\/?page_id=95"},"modified":"2025-02-11T10:30:28","modified_gmt":"2025-02-11T09:30:28","slug":"sante-bien-etre","status":"publish","type":"page","link":"https:\/\/resto-troc.fr\/index.php\/sante-bien-etre\/","title":{"rendered":""},"content":{"rendered":"\n<figure class=\"wp-block-image alignwide size-large\"><img loading=\"lazy\" decoding=\"async\" width=\"1024\" height=\"586\" src=\"http:\/\/wordpress2.restotroc.fr\/wp-content\/uploads\/2020\/05\/Bandeau-sante-1-1024x586.jpg\" alt=\"\" class=\"wp-image-364\" srcset=\"https:\/\/resto-troc.fr\/wp-content\/uploads\/2020\/05\/Bandeau-sante-1-1024x586.jpg 1024w, https:\/\/resto-troc.fr\/wp-content\/uploads\/2020\/05\/Bandeau-sante-1-300x172.jpg 300w, https:\/\/resto-troc.fr\/wp-content\/uploads\/2020\/05\/Bandeau-sante-1-768x440.jpg 768w, https:\/\/resto-troc.fr\/wp-content\/uploads\/2020\/05\/Bandeau-sante-1.jpg 1123w\" sizes=\"auto, (max-width: 1024px) 100vw, 1024px\" \/><\/figure>\n\n\n\n<p class=\"has-text-align-center has-text-color has-normal-font-size\" style=\"color:#8c140b\"><strong>SANT\u00c9\/BIEN-\u00caTRE<\/strong><\/p>\n\n\n\n<p class=\"has-text-align-justify has-small-font-size\">Nous vous proposons des ateliers et activit\u00e9s vari\u00e9s permettant de <strong>prendre soin de soi<\/strong> et de vivre <strong>des moments chaleureux et conviviaux <\/strong>autour de nos animations ! <\/p>\n\n\n\n<p class=\"has-text-align-justify has-small-font-size\">Diff\u00e9rentes activit\u00e9s sont propos\u00e9es pour garder une <strong>activit\u00e9 physique r\u00e9guli\u00e8re<\/strong> tout en douceur :<\/p>\n\n\n\n<p class=\"has-small-font-size\"><strong>Ballade<\/strong> et <strong>randonn\u00e9e p\u00e9destre :<\/strong> rejoignez notre groupe de marcheurs et d\u00e9couvrez des paysages (Parc Saint Nicolas, les jardins de Balzac ou Lavoisier, le lac de Maine\u2026).<\/p>\n\n\n\n<p class=\"has-small-font-size\"><strong>Gym douce adapt\u00e9e : <\/strong>faites travailler vos muscles et vos articulations sans impact, gardez la forme et gagnez en qualit\u00e9 de vie. S\u00e9ance d\u2019une heure tout en douceur adapt\u00e9e \u00e0 votre condition physique.<\/p>\n\n\n\n<p class=\"has-small-font-size\"><strong>Gym ta ville : <\/strong> 1h de gymnastique en ext\u00e9rieur en se servant du mobilier urbain avec un intervenant professionnel.<\/p>\n\n\n\n<p class=\"has-small-font-size\"><strong>Gym sensorielle :<\/strong> Une pratique corporelle qui propose de r\u00e9aliser des mouvements simples et lents.<\/p>\n\n\n\n<p class=\"has-small-font-size\"><\/p>\n\n\n\n<hr class=\"wp-block-separator has-text-color has-css-opacity has-background\" style=\"background-color:#8c140b;color:#8c140b\"\/>\n\n\n\n<div style=\"height:20px\" aria-hidden=\"true\" class=\"wp-block-spacer\"><\/div>\n\n\n\n<p class=\"has-text-align-center has-text-color has-normal-font-size\" style=\"color:#8c140b\"><strong>SERVICE SANITAIRE<\/strong><\/p>\n\n\n\n<p class=\"has-text-align-center has-small-font-size\"><strong>Quand les \u00e9tudiants de la facult\u00e9 de m\u00e9decine s&rsquo;impliquent aupr\u00e8s des adh\u00e9rents<\/strong> :<\/p>\n\n\n\n<p class=\"has-small-font-size\">Tout au long de l\u2019ann\u00e9e nous accueillons des \u00e9tudiants de la Facult\u00e9 de Sant\u00e9 d\u2019Angers qui s\u2019impliquent aupr\u00e8s des adh\u00e9rents afin de favoriser les \u00e9changes et les discussions et pouvoir ainsi identifier les th\u00e8mes que les adh\u00e9rents souhaiteraient aborder dans le cadre d\u2019ateliers collectifs interactifs.<\/p>\n\n\n\n<p class=\"has-small-font-size\">Les th\u00e9matiques en pr\u00e9vention abord\u00e9es sont diverses&nbsp;: diab\u00e8te, atelier enfants (h\u00f4pital des nounours), d\u00e9pistage du cancer du sein, etc.<\/p>\n","protected":false},"excerpt":{"rendered":"<p>SANT\u00c9\/BIEN-\u00caTRE Nous vous proposons des ateliers et activit\u00e9s vari\u00e9s permettant de prendre soin de soi et de vivre des moments chaleureux et conviviaux autour de nos animations ! Diff\u00e9rentes activit\u00e9s sont propos\u00e9es pour garder une activit\u00e9 physique r\u00e9guli\u00e8re tout en douceur : Ballade et randonn\u00e9e p\u00e9destre : rejoignez notre groupe de marcheurs et d\u00e9couvrez des<a class=\"more-link\" href=\"https:\/\/resto-troc.fr\/index.php\/sante-bien-etre\/\">Lire la suite <\/a><\/p>\n","protected":false},"author":1,"featured_media":0,"parent":0,"menu_order":0,"comment_status":"closed","ping_status":"closed","template":"","meta":{"footnotes":""},"class_list":["post-95","page","type-page","status-publish","hentry","entry"],"_links":{"self":[{"href":"https:\/\/resto-troc.fr\/index.php\/wp-json\/wp\/v2\/pages\/95","targetHints":{"allow":["GET"]}}],"collection":[{"href":"https:\/\/resto-troc.fr\/index.php\/wp-json\/wp\/v2\/pages"}],"about":[{"href":"https:\/\/resto-troc.fr\/index.php\/wp-json\/wp\/v2\/types\/page"}],"author":[{"embeddable":true,"href":"https:\/\/resto-troc.fr\/index.php\/wp-json\/wp\/v2\/users\/1"}],"replies":[{"embeddable":true,"href":"https:\/\/resto-troc.fr\/index.php\/wp-json\/wp\/v2\/comments?post=95"}],"version-history":[{"count":3,"href":"https:\/\/resto-troc.fr\/index.php\/wp-json\/wp\/v2\/pages\/95\/revisions"}],"predecessor-version":[{"id":1063,"href":"https:\/\/resto-troc.fr\/index.php\/wp-json\/wp\/v2\/pages\/95\/revisions\/1063"}],"wp:attachment":[{"href":"https:\/\/resto-troc.fr\/index.php\/wp-json\/wp\/v2\/media?parent=95"}],"curies":[{"name":"wp","href":"https:\/\/api.w.org\/{rel}","templated":true}]}}

<figure class="wp-block-image alignwide size-large"><img loading="lazy" decoding="async" width="1024" height="586" src="http://wordpress2.restotroc.fr/wp-content/uploads/2020/05/Bandeau-sante-1-1024x586.jpg" alt="" class="wp-image-364" srcset="https://resto-troc.fr/wp-content/uploads/2020/05/Bandeau-sante-1-1024x586.jpg 1024w, https://resto-troc.fr/wp-content/uploads/2020/05/Bandeau-sante-1-300x172.jpg 300w, https://resto-troc.fr/wp-content/uploads/2020/05/Bandeau-sante-1-768x440.jpg 768w, https://resto-troc.fr/wp-content/uploads/2020/05/Bandeau-sante-1.jpg 1123w" sizes="auto, (max-width: 1024px) 100vw, 1024px" /></figure>



<p class="has-text-align-center has-text-color has-normal-font-size" style="color:#8c140b"><strong>SANTÉ/BIEN-ÊTRE</strong></p>



<p class="has-text-align-justify has-small-font-size">Nous vous proposons des ateliers et activités variés permettant de <strong>prendre soin de soi</strong> et de vivre <strong>des moments chaleureux et conviviaux </strong>autour de nos animations ! </p>



<p class="has-text-align-justify has-small-font-size">Différentes activités sont proposées pour garder une <strong>activité physique régulière</strong> tout en douceur :</p>



<p class="has-small-font-size"><strong>Ballade</strong> et <strong>randonnée pédestre :</strong> rejoignez notre groupe de marcheurs et découvrez des paysages (Parc Saint Nicolas, les jardins de Balzac ou Lavoisier, le lac de Maine…).</p>



<p class="has-small-font-size"><strong>Gym douce adaptée : </strong>faites travailler vos muscles et vos articulations sans impact, gardez la forme et gagnez en qualité de vie. Séance d’une heure tout en douceur adaptée à votre condition physique.</p>



<p class="has-small-font-size"><strong>Gym ta ville : </strong> 1h de gymnastique en extérieur en se servant du mobilier urbain avec un intervenant professionnel.</p>



<p class="has-small-font-size"><strong>Gym sensorielle :</strong> Une pratique corporelle qui propose de réaliser des mouvements simples et lents.</p>



<p class="has-small-font-size"></p>



<hr class="wp-block-separator has-text-color has-css-opacity has-background" style="background-color:#8c140b;color:#8c140b"/>



<div style="height:20px" aria-hidden="true" class="wp-block-spacer"></div>



<p class="has-text-align-center has-text-color has-normal-font-size" style="color:#8c140b"><strong>SERVICE SANITAIRE</strong></p>



<p class="has-text-align-center has-small-font-size"><strong>Quand les étudiants de la faculté de médecine s&rsquo;impliquent auprès des adhérents</strong> :</p>



<p class="has-small-font-size">Tout au long de l’année nous accueillons des étudiants de la Faculté de Santé d’Angers qui s’impliquent auprès des adhérents afin de favoriser les échanges et les discussions et pouvoir ainsi identifier les thèmes que les adhérents souhaiteraient aborder dans le cadre d’ateliers collectifs interactifs.</p>



<p class="has-small-font-size">Les thématiques en prévention abordées sont diverses&nbsp;: diabète, atelier enfants (hôpital des nounours), dépistage du cancer du sein, etc.</p>

<p>SANTÉ/BIEN-ÊTRE Nous vous proposons des ateliers et activités variés permettant de prendre soin de soi et de vivre des moments chaleureux et conviviaux autour de nos animations ! Différentes activités sont proposées pour garder une activité physique régulière tout en douceur : Ballade et randonnée pédestre : rejoignez notre groupe de marcheurs et découvrez des<a class="more-link" href="https://resto-troc.fr/index.php/sante-bien-etre/">Lire la suite </a></p>
