{"id":97,"date":"2020-03-24T19:09:24","date_gmt":"2020-03-24T18:09:24","guid":{"rendered":"http:\/\/wordpress2.restotroc.fr\/?page_id=97"},"modified":"2021-06-28T14:51:36","modified_gmt":"2021-06-28T12:51:36","slug":"jardins-familiaux","status":"publish","type":"page","link":"https:\/\/resto-troc.fr\/index.php\/jardins-familiaux\/","title":{"rendered":""},"content":{"rendered":"\n<figure class=\"wp-block-image alignwide size-large\"><img loading=\"lazy\" decoding=\"async\" width=\"1024\" height=\"586\" src=\"http:\/\/wordpress2.restotroc.fr\/wp-content\/uploads\/2020\/05\/Bandeau-jardins-1024x586.jpg\" alt=\"\" class=\"wp-image-374\" srcset=\"https:\/\/resto-troc.fr\/wp-content\/uploads\/2020\/05\/Bandeau-jardins-1024x586.jpg 1024w, https:\/\/resto-troc.fr\/wp-content\/uploads\/2020\/05\/Bandeau-jardins-300x172.jpg 300w, https:\/\/resto-troc.fr\/wp-content\/uploads\/2020\/05\/Bandeau-jardins-768x440.jpg 768w, https:\/\/resto-troc.fr\/wp-content\/uploads\/2020\/05\/Bandeau-jardins.jpg 1123w\" sizes=\"auto, (max-width: 1024px) 100vw, 1024px\" \/><\/figure>\n\n\n\n<p class=\"has-text-align-justify has-small-font-size\">Resto-Troc g\u00e8re 36 parcelles de jardins familiaux. Les jardins sont entretenus dans le <strong>respect de la nature<\/strong> \u00e0 l\u2019aide de traitements biologiques. De nombreux am\u00e9nagements sont mis en place tel qu\u2019une r\u00e9serve d\u2019eau de pluie, des toilettes s\u00e8ches, un abri de jardin et un espace pour mettre les plantes en nourrice durant 3 mois. Nous avons \u00e9galement 4 bacs pour permettre \u00e0 des personnes \u00e0 mobilit\u00e9 r\u00e9duite de jardiner dans le cadre d\u2019une exp\u00e9rimentation men\u00e9e en concertation avec la Ville d\u2019Angers.<\/p>\n\n\n\n<p class=\"has-text-align-justify has-small-font-size\">Nous travaillons en collaboration avec la Maison de l\u2019Environnement sur des ateliers participatifs (conseil, permaculture, z\u00e9ro d\u00e9chet, etc.). Et retrouvez aussi r\u00e9guli\u00e8rement des ateliers pour d\u00e9couvrir et partager vos comp\u00e9tences en jardinage.<\/p>\n\n\n\n<div class=\"wp-block-image\"><figure class=\"aligncenter size-large is-resized\"><img loading=\"lazy\" decoding=\"async\" src=\"http:\/\/wordpress2.restotroc.fr\/wp-content\/uploads\/2020\/05\/photo-page-jardin-728x1024.jpg\" alt=\"\" class=\"wp-image-373\" width=\"364\" height=\"512\" srcset=\"https:\/\/resto-troc.fr\/wp-content\/uploads\/2020\/05\/photo-page-jardin-728x1024.jpg 728w, https:\/\/resto-troc.fr\/wp-content\/uploads\/2020\/05\/photo-page-jardin-213x300.jpg 213w, https:\/\/resto-troc.fr\/wp-content\/uploads\/2020\/05\/photo-page-jardin-768x1080.jpg 768w, https:\/\/resto-troc.fr\/wp-content\/uploads\/2020\/05\/photo-page-jardin-1093x1536.jpg 1093w, https:\/\/resto-troc.fr\/wp-content\/uploads\/2020\/05\/photo-page-jardin-1457x2048.jpg 1457w, https:\/\/resto-troc.fr\/wp-content\/uploads\/2020\/05\/photo-page-jardin-1568x2204.jpg 1568w, https:\/\/resto-troc.fr\/wp-content\/uploads\/2020\/05\/photo-page-jardin-scaled.jpg 1821w\" sizes=\"auto, (max-width: 364px) 100vw, 364px\" \/><\/figure><\/div>\n\n\n\n<p><\/p>\n","protected":false},"excerpt":{"rendered":"<p>Resto-Troc g\u00e8re 36 parcelles de jardins familiaux. Les jardins sont entretenus dans le respect de la nature \u00e0 l\u2019aide de traitements biologiques. De nombreux am\u00e9nagements sont mis en place tel qu\u2019une r\u00e9serve d\u2019eau de pluie, des toilettes s\u00e8ches, un abri de jardin et un espace pour mettre les plantes en nourrice durant 3 mois. Nous<a class=\"more-link\" href=\"https:\/\/resto-troc.fr\/index.php\/jardins-familiaux\/\">Lire la suite <\/a><\/p>\n","protected":false},"author":1,"featured_media":0,"parent":0,"menu_order":0,"comment_status":"closed","ping_status":"closed","template":"","meta":{"footnotes":""},"class_list":["post-97","page","type-page","status-publish","hentry","entry"],"_links":{"self":[{"href":"https:\/\/resto-troc.fr\/index.php\/wp-json\/wp\/v2\/pages\/97","targetHints":{"allow":["GET"]}}],"collection":[{"href":"https:\/\/resto-troc.fr\/index.php\/wp-json\/wp\/v2\/pages"}],"about":[{"href":"https:\/\/resto-troc.fr\/index.php\/wp-json\/wp\/v2\/types\/page"}],"author":[{"embeddable":true,"href":"https:\/\/resto-troc.fr\/index.php\/wp-json\/wp\/v2\/users\/1"}],"replies":[{"embeddable":true,"href":"https:\/\/resto-troc.fr\/index.php\/wp-json\/wp\/v2\/comments?post=97"}],"version-history":[{"count":2,"href":"https:\/\/resto-troc.fr\/index.php\/wp-json\/wp\/v2\/pages\/97\/revisions"}],"predecessor-version":[{"id":478,"href":"https:\/\/resto-troc.fr\/index.php\/wp-json\/wp\/v2\/pages\/97\/revisions\/478"}],"wp:attachment":[{"href":"https:\/\/resto-troc.fr\/index.php\/wp-json\/wp\/v2\/media?parent=97"}],"curies":[{"name":"wp","href":"https:\/\/api.w.org\/{rel}","templated":true}]}}